git of s(u)?
1
Suppose -12*k + 9*k = -237. Suppose -3*y + 50 + k = -3*p, 2*y = -2*p - 74. What is the units digit of p/(-15) - 4/6?
2
Let k(o) = 64*o**2 + 29*o**2 + 24*o**2 - 10*o**2 + o - 1. What is the hundreds digit of k(-1)?
1
Let h(o) be the third derivative of 13*o**4/6 + o**3/2 - 28*o**2. What is the hundreds digit of h(4)?
2
What is the units digit of (48/40)/(4/10)?
3
Let i(k) = 2*k**2 + 9*k - 7. Let o be i(-11). Suppose x + 701 = 5*m, -m + o = -2*x + 3. Suppose -m = -12*h + 9*h. What is the units digit of h?
7
Let a be (-6)/(-1)*(-70)/(-6)*1. Suppose n = -g - g + 5, 2*g = 0. Suppose 3*l = -v + a, -n*v = -2*l + l + 34. What is the tens digit of l?
2
Suppose 7*l - 3*v = 3*l + 1637, -4*v + 4 = 0. What is the hundreds digit of l?
4
Let a(u) = -2*u**2 - 5*u + 11. Let b be a(-5). What is the units digit of (-12)/84 - (-2 - (-1038)/b)?
6
Let a = 5 + -11. Let h be -3 - a*3/6. What is the units digit of ((29 - h)*-1)/(-1)?
9
Suppose -18 = -q + 4*x, -2*q = -4*x - 42 + 2. What is the tens digit of q?
2
Suppose -3*h + 813 = -2*z, 0*h + 542 = 2*h - 2*z. What is the tens digit of h?
7
Let m(l) = l + 10. Let o be m(-10). Suppose 6*i - 518 + 98 = o. What is the units digit of i?
0
Suppose 4*w + 2*c = 8*w - 44, 5*w - 3*c = 54. Let k = w - 14. What is the units digit of (-4 + 151)/3 - k?
1
Let t = -957 + 603. Let m = -208 - t. What is the tens digit of m?
4
Let c(z) = 13*z**2 - 5*z + 4. Suppose 7 + 1 = 8*n. What is the units digit of c(n)?
2
Let o = 14 + -9. Suppose 8*a - o*a - 6 = 0. Suppose -4*r + a*r = -66. What is the units digit of r?
3
Let q be 2*(-15)/10 - -3. Suppose q = 4*z - 135 - 101. What is the units digit of z?
9
Let u(t) = -201*t**3 - 2*t**2 - 4*t - 4. What is the tens digit of u(-2)?
0
Let t = -1981 + 3488. What is the hundreds digit of t?
5
Let y = 1101 + -487. Suppose -17 - 3 = 4*o, -5*o + y = 3*a. What is the units digit of a?
3
Let q(m) = -m**2 + 5*m + 8. Let l(d) = 3*d**2 - 11*d - 17. Let c(t) = 3*l(t) + 7*q(t). Suppose 9 = -0*a + 3*a. What is the tens digit of c(a)?
2
Let g = -286 + 548. What is the hundreds digit of g?
2
Let j = 15 - 16. Let m(i) = i**2 + 2*i + 1. Let w be m(j). Suppose w = -4*n + 90 + 86. What is the tens digit of n?
4
Suppose 3*i - 4*i = -8. Suppose i*n - 12 = 4*n. What is the units digit of ((-39)/6 + n)*-8?
8
Let d(u) = 8*u**2 + 8*u - 33. What is the hundreds digit of d(-10)?
6
Let r(n) = 49*n**2 - 14*n + 9. Let i(k) = 16*k**2 - 5*k + 3. Let m(a) = -11*i(a) + 4*r(a). What is the hundreds digit of m(3)?
1
Suppose -2*a = 2*a - q, -4*a = 4*q + 20. What is the tens digit of 68 + 20/4 - (-1 + a)?
7
Let a = 3 + -1. Suppose -a*k = 2 - 10, -236 = 4*h - 3*k. What is the tens digit of (-12)/(12/h*1)?
5
Suppose -2*c + 14 = 2*j, 4*c - 3*j - 5 = 2. Suppose 0 = -c*y - y + o + 109, -y + o = -25. What is the units digit of y?
1
Let s = 6473 + -3548. What is the hundreds digit of s?
9
Let d(u) be the second derivative of u**7/2520 - u**6/80 + u**5/10 - u**4/6 + 3*u. Let p(v) be the third derivative of d(v). What is the units digit of p(8)?
4
Suppose 0 = -i - 4 + 19. Suppose 0 = x + 3*x + j - 583, -i = -5*j. What is the hundreds digit of x?
1
Let m(u) = -u**2 + 14*u + 15. Let r be (12/(-8))/(12/(-16)). Suppose 39 = 5*i - r*i. What is the units digit of m(i)?
8
What is the units digit of (-1 + -1171)*(15 - 16)?
2
Suppose -12*y - 3834 = -21*y. Let h = y - 152. What is the units digit of h?
4
Let a be 14 + -18 - 0/1. Let h(w) be the third derivative of w**6/120 + w**5/12 - w**4/6 - w**3 - w**2. What is the tens digit of h(a)?
2
Suppose -2*v - 5*c = -1, 2*v + 3*v - 2*c + 12 = 0. What is the units digit of (6/12)/(v + (-693)/(-346))?
3
Suppose 0 = 31*h - 22*h - 8172. What is the tens digit of h?
0
Let f = 85 - -41. What is the hundreds digit of f?
1
What is the hundreds digit of 2/15 + (-5 - (-88104)/45)?
9
Let v = 24 + -20. Suppose 9*s - 4*s = 4*a - 165, v*s + 33 = a. What is the tens digit of a?
4
Suppose -8*m + 3*m + 75 = 0. What is the units digit of m?
5
Suppose -5*g - 4*o = -126, 45 = -5*g - o + 174. Let d be g*2 - 12/(-4). Suppose q = -4*r + 4*q + d, 0 = 4*r + 5*q - 79. What is the units digit of r?
6
Suppose 3*v + 468 = -v. What is the tens digit of v*1/(1 - 1 - 3)?
3
Let v(i) = 0*i**2 - 8 - i**3 - 9*i + 3*i**2 - 5 + 10*i**2. What is the units digit of v(12)?
3
Let f be (-9)/4*(-36)/3. Let g = 63 - f. Suppose -g = -3*r + 3. What is the tens digit of r?
1
Suppose 0*k - k - 10 = 3*x, 5*x + 40 = 3*k. What is the units digit of 2/5 + (-248)/x?
0
Let c(p) = p**2 + 8*p - 5. Let m be c(-9). Suppose -5*o + m*o - 5 = 0, -h + 58 = -4*o. What is the tens digit of h?
3
Suppose -d - 1 = 2*i, 2*i = -3*i - 2*d - 2. Let m(g) = -g. Let o be m(-2). Suppose o*c - 7*c + 35 = i. What is the units digit of c?
7
Suppose 34*r - 2080 = 29*r. What is the hundreds digit of r?
4
Let r = 82 - 166. Let i = r - -165. What is the tens digit of i?
8
Suppose -3294 = -439*j + 421*j. What is the units digit of j?
3
Let c(h) be the second derivative of h**4/6 - 2*h**3/3 - 6*h. Let s be c(3). What is the tens digit of s/2*80/6?
4
Let o be 1/1 + 2 + -3. Suppose -f - 4 + 20 = o. Suppose -f*b = -18*b + 54. What is the tens digit of b?
2
Let x(g) = g**2 + 3*g + 1. Let c be x(-5). Let a = c + -6. Suppose 12 = f + a*l, 4*f + 2*l - 71 = 67. What is the units digit of f?
7
Let i be (-3 + (-2)/4)/((-5)/30). Let x(n) = -n**3 + 20*n**2 + 25*n + 28. What is the hundreds digit of x(i)?
1
Let f = 1370 - 749. What is the tens digit of f/108*(1 - -7)?
4
Suppose 4*t + 3*d - 2575 = 0, 0*t - 3*t + 4*d + 1900 = 0. What is the units digit of t?
0
Suppose 3*f + 116 = 4*i - 2*f, 0 = 5*i + f - 116. Suppose -2*l - i = -5*l. What is the units digit of l?
8
Suppose v - 5*v = -2*r + 438, 0 = -4*r - 2*v + 906. Suppose -r - 51 = -4*x. What is the tens digit of x?
6
Let v be (10 - 4)/(3 + -5). Let l be (0 - 30) + v/1. What is the units digit of (-1)/(2 + l/15)?
5
Let d(o) = o**2 + 7*o + 3. Let w be d(-9). Suppose -3*b = -4*g + w, -b = -5*g - 0*b + 18. Suppose -24 = -t + 3*k, 2*k = g*k - 3. What is the tens digit of t?
3
Let c = -10 + 17. Let w(p) = -5 - c + 3 + 0 - 8*p + p**2. What is the tens digit of w(11)?
2
Suppose -x + 18 = -2*k, -5*x + 4*k + 58 = 2*k. Let l be x/(-2)*(-7 + 6). Suppose 3*w + 54 = l*w. What is the units digit of w?
7
Suppose -7 = -3*w + 4*j, -j = 2*j - 6. Suppose -w*m - 4 + 54 = 0. Suppose m*p - 240 = 5*p. What is the tens digit of p?
4
Let m(r) = -5*r + 66. What is the tens digit of m(-25)?
9
Let n(v) = -11*v**3 + 2*v**2 + 6*v. What is the units digit of n(-3)?
7
Let o be (-12)/18 - (-1106)/3. Suppose -5*g = -o + 68. What is the tens digit of g?
6
Let a = -784 - -1757. What is the hundreds digit of a?
9
Suppose -3*h - 2*p = 0, 0 = -h - 0*p - p - 1. Let x(z) = 4*z - 2. Let o be x(h). Let l(t) = 3*t**2 - 12*t + 10. What is the tens digit of l(o)?
4
Suppose -2*o - 4348 = -3*b, -2 = -2*o - 0. Suppose b = 5*y - 5*q, 0 = 6*q - q + 10. What is the tens digit of y?
8
Suppose -2*x + 3*k + 8 = 0, 0 = 5*x + k + 2*k - 20. Suppose -5*l = s + x, -s + 5*l - 7 = 17. What is the units digit of 11 + s + 0 + 25?
2
Let k(u) = -u**3 - 4*u**2 - u + 5. Let p be k(-4). Suppose p*f - 1048 = 284. What is the tens digit of f?
4
What is the units digit of ((-890)/4)/(-5)*(5 + -3)?
9
Suppose -1222 + 67102 = 40*o. What is the hundreds digit of o?
6
Let f be 25/10*(-162)/15. Suppose -x - 8 = 6. Let h = x - f. What is the tens digit of h?
1
Let m(o) = 2*o + o + 9 - 6*o + 4*o. Let z be m(-6). Suppose -z*i = -2*h - 88, -h = 7 - 2. What is the units digit of i?
6
Let d(h) = -2*h**3 - 7*h**2 - 16*h - 8. What is the tens digit of d(-4)?
7
Let m = 12 - 8. Let g = 193 + -189. Suppose 120 = m*d + g*w, -4*d + 2*w = d - 185. What is the units digit of d?
5
Let b be (-36)/(-60) - 7/(-5). Suppose u - 291 = -b*u. What is the tens digit of u?
9
Let t = 8 - 5. Suppose 4*y - y = t. Suppose -y - 4 = -u. What is the units digit of u?
5
Suppose 0 = q - 2*a - 516, 6*a - 3*a = -15. What is the tens digit of q?
0
Let p be -4*(21/(-6) - -2). Let q be 4/(-6) - (-4)/p. What is the units digit of (-92)/12*-3 + q?
3
Suppose 0 = -h - 3*c + 41, 2*h - 2*c - 79 = -h. Suppose -h + 223 = 2*p. What is the tens digit of p?
9
Let s(y) = -15*y + y**2 + 5*y + 4 - 11. Let r be s(11). Suppose 0 = w + 4*v - 24 - 18, -r*w - 5*v = -135. 